?
False
Is 7 a factor of 991?
False
Does 10 divide 18390?
True
Does 40 divide 82844?
False
Is 54 a multiple of 3?
True
Is 16781 a multiple of 159?
False
Is 35 a factor of 601?
False
Is 3135 a multiple of 55?
True
Is 589 a multiple of 6?
False
Is 2182 a multiple of 2?
True
Does 32 divide 1472?
True
Does 6 divide 528?
True
Is 48719 a multiple of 45?
False
Is 9553 a multiple of 6?
False
Is 3984 a multiple of 28?
False
Is 99258 a multiple of 213?
True
Is 14 a factor of 262?
False
Is 2264 a multiple of 4?
True
Is 40848 a multiple of 37?
True
Is 288 a multiple of 16?
True
Does 27 divide 39342?
False
Does 13 divide 25233?
True
Is 293 a multiple of 13?
False
Is 45 a factor of 6745?
False
Does 10 divide 1640?
True
Is 227 a multiple of 3?
False
Is 13 a factor of 9139?
True
Is 2894 a multiple of 13?
False
Is 292 a multiple of 7?
False
Is 930 a multiple of 62?
True
Is 12 a factor of 882?
False
Is 405 a multiple of 45?
True
Is 99 a factor of 2770?
False
Is 13 a factor of 336?
False
Does 27 divide 6000?
False
Is 30940 a multiple of 5?
True
Is 40 a factor of 20993?
False
Is 14 a factor of 76009?
False
Is 16 a factor of 3072?
True
Is 4451 a multiple of 45?
False
Is 240 even?
True
Is 7 a factor of 14?
True
Does 57 divide 20750?
False
Is 145 a factor of 6525?
True
Is 36395 a multiple of 145?
True
Does 40 divide 1689?
False
Is 1440 a multiple of 12?
True
Does 78 divide 10274?
False
Does 34 divide 26248?
True
Does 18 divide 846?
True
Is 3719 a multiple of 5?
False
Does 6 divide 2318?
False
Does 2 divide 622?
True
Is 90 a multiple of 15?
True
Does 34 divide 1660?
False
Is 5 a factor of 4018?
False
Is 13 a factor of 603?
False
Is 10570 a multiple of 35?
True
Is 54 a factor of 2479?
False
Is 8890 a multiple of 41?
False
Is 2 a factor of 16?
True
Is 44 a factor of 263?
False
Does 11 divide 1474?
True
Is 39 a factor of 2496?
True
Does 7 divide 14?
True
Is 1981 a multiple of 7?
True
Is 9 a factor of 3122?
False
Is 243 a factor of 6953?
False
Is 14 a factor of 90244?
True
Does 25 divide 310?
False
Is 3 a factor of 5699?
False
Is 3 a factor of 450?
True
Is 373 a multiple of 24?
False
Is 40356 a multiple of 6?
True
Is 980 a multiple of 14?
True
Is 10 a factor of 980?
True
Is 85 a factor of 51680?
True
Is 22 a factor of 36254?
False
Is 11230 a multiple of 32?
False
Does 39 divide 9111?
False
Is 11 a factor of 2752?
False
Is 13 a factor of 143?
True
Is 3 a factor of 1364?
False
Does 18 divide 2070?
True
Does 35 divide 525?
True
Is 11 a factor of 781?
True
Does 198 divide 7722?
True
Is 22 a factor of 2376?
True
Does 35 divide 29627?
False
Is 16 a factor of 912?
True
Does 7 divide 18522?
True
Is 26 a factor of 64116?
True
Is 1834 a multiple of 131?
True
Does 52 divide 40664?
True
Is 5 a factor of 1008?
False
Is 165 a multiple of 11?
True
Does 39 divide 358?
False
Does 6 divide 6306?
True
Is 37 a factor of 5758?
False
Is 12 a factor of 17964?
True
Is 44 a factor of 836?
True
Does 100 divide 36600?
True
Is 127 a factor of 3175?
True
Is 7 a factor of 635?
False
Is 21 a factor of 13399?
False
Is 480 a multiple of 5?
True
Is 45 a factor of 12825?
True
Does 111 divide 1665?
True
Is 14294 a multiple of 14?
True
Is 924 a multiple of 14?
True
Is 26 a factor of 3812?
False
Does 72 divide 4238?
False
Is 363 a multiple of 7?
False
Is 18 a factor of 29?
False
Does 16 divide 1712?
True
Is 77 a factor of 13244?
True
Does 69 divide 1277?
False
Is 10 a factor of 3150?
True
Does 3 divide 57?
True
Is 130359 a multiple of 343?
False
Does 133 divide 1742?
False
Does 51 divide 3162?
True
Does 4 divide 23468?
True
Is 12 a factor of 326?
False
Is 56 a factor of 31497?
False
Is 7708 a multiple of 164?
True
Does 47 divide 22889?
True
Does 33 divide 3564?
True
Is 35 a factor of 1680?
True
Does 16 divide 1600?
True
Is 104 a factor of 10920?
True
Is 131 a factor of 310?
False
Is 82 a factor of 164?
True
Does 8 divide 384?
True
Is 9905 a multiple of 35?
True
Is 15 a factor of 2883?
False
Is 14 a factor of 399?
False
Does 17 divide 64702?
True
Does 44 divide 1716?
True
Is 130 a factor of 1950?
True
Is 107 a factor of 3220?
False
Is 44 a multiple of 2?
True
Is 980 a multiple of 35?
True
Is 10761 a multiple of 17?
True
Is 4005 a multiple of 9?
True
Does 104 divide 624?
True
Is 86 a factor of 14369?
False
Is 29365 a multiple of 35?
True
Does 17 divide 1680?
False
Does 6 divide 373?
False
Is 160 a multiple of 10?
True
Is 5809 a multiple of 37?
True
Is 629 a multiple of 30?
False
Is 15 a factor of 944?
False
Is 744 a multiple of 62?
True
Is 368 a multiple of 8?
True
Does 11 divide 930?
False
Is 33 a factor of 1305?
False
Is 3866 a multiple of 77?
False
Does 15 divide 1614?
False
Is 4 a factor of 1531?
False
Does 16 divide 2501?
False
Is 1866 a multiple of 6?
True
Is 6 a factor of 1318?
False
Is 74 a factor of 9441?
False
Does 22 divide 5617?
False
Is 24 a factor of 1045?
False
Does 256 divide 1792?
True
Is 5756 a multiple of 12?
False
Does 19 divide 7329?
False
Is 3 a factor of 324?
True
Is 16 a factor of 1248?
True
Is 180 a multiple of 45?
True
Is 8 a factor of 2372?
False
Is 17 a factor of 8330?
True
Is 33 a factor of 1056?
True
Does 29 divide 928?
True
Is 13447 a multiple of 7?
True
Is 5 a factor of 3015?
True
Does 14 divide 1260?
True
Is 6 a factor of 11193?
False
Is 18072 a multiple of 12?
True
Does 44 divide 2640?
True
Does 12 divide 1908?
True
Is 58968 a multiple of 324?
True
Does 74 divide 1406?
True
Does 17 divide 85?
True
Does 8 divide 1480?
True
Is 16 a factor of 674?
False
Is 223 a factor of 26983?
True
Is 12 a factor of 780?
True
Does 61 divide 28148?
False
Is 1537 a multiple of 56?
False
Is 3556 a multiple of 14?
True
Does 22 divide 677?
False
Does 15 divide 3450?
True
Does 40 divide 1962?
False
Is 8 a factor of 32?
True
Does 4 divide 126?
False
Does 21 divide 13075?
False
Is 12 a factor of 2412?
True
Is 5377 a multiple of 8?
False
Is 65366 a multiple of 205?
False
Is 896 a multiple of 8?
True
Is 96 a factor of 25763?
False
Is 2660 a multiple of 140?
True
Is 2370 a multiple of 6?
True
Is 14 a factor of 644?
True
Does 72 divide 4837?
False
Is 3523 a multiple of 13?
True
Is 23424 a multiple of 66?
False
Is 708 a multiple of 3?
True
Is 22 a factor of 5544?
True
Is 16 a factor of 1072?
True
Does 8 divide 1184?
True
Does 12 divide 4500?
True
Is 67877 a multiple of 45?
False
Is 22339 a multiple of 257?
False
Does 5 divide 4838?
False
Does 11 divide 955?
False
Is 22 a factor of 918?
False
Is 18 a factor of 18126?
True
Is 7027 a multiple of 8?
False
Is 18 a factor of 673?
False
Does 68 divide 38692?
True
Does 16 divide 2328?
False
Is 16 a factor of 1863?
False
Does 259 divide 4662?
True
Is 32 a factor of 753?
False
Is 25711 a multiple of 36?
False
Does 12 divide 1978?
False
Is 1636 a multiple of 15?
False
Does 49 divide 343?
True
Is 19 a factor of 1363?
False
Does 4 divide 3569?
False
Does 193 divide 21914?
False
Does 2 divide 4869?
False
Is 990 a multiple of 18?
True
Does 10 divide 8281?
False
Is 22 a factor of 24662?
True
Does 92 divide 417?
False
Does 14 divide 592?
False
Does 21 divide 1407?
True
Is 46572 a multiple of 129?
False
Is 9699 a multiple of 61?
True
Is 1296 a multiple of 6?
True
Does 24 divide 1296?
True
Is 310 a multiple of 19?
False
Is 1210 a multiple of 5?
True
Is 12 a factor of 10260?
True
Does 177 divide 1554?
False
Is 12 a factor of 192?
True
Is 22 a factor of 1880?
False
Is 168 a multiple of 42?
True
Is 127 a factor of 121793?
True
Is 9 a factor of 223?
False
Is 3404 a multiple of 37?
True
Does 105 divide 12915?
True
Does 13 divide 5694?
True
Does 140 divide 5880?
True
Is 1620 a multiple of 16?
False
Does 8 divide 897?
False
Does 97 divide 25926?
False
Is 133950 a multiple of 25?
True
Does 4 divide 80?
True
Does 22 divide 899?
False
Does 18 divide 71255?
False
Is 1326 a multiple of 17?
True
Is 22 a factor of 2156?
True
Does 13 divide 10651?
False
Is 25147 a multiple of 7?
False
Does 12 divide 2568?
True
Does 23 divide 1495?
True
Is 177 a factor of 78417?
False
Is 315 a factor of 55927?
False
Is 3261 a multiple of 10?
False
Is 2 a factor of 47?
False
Does 89 divide 18423?
True
Is 38 a factor of 114?
True
Is 13770 a multiple of 153?
True
Is 4 a factor of 129?
False
Is 12 a factor of 5184?
True
Does 16 divide 32?
True
Is 49 a factor of 637?
True
Is 23562 a multiple of 42?
True
Is 1